factors of 7127.
7127
List the prime factors of 22762.
2, 19, 599
What are the prime factors of 23463?
3, 11, 79
What are the prime factors of 6853?
7, 11, 89
List the prime factors of 803.
11, 73
What are the prime factors of 6153?
3, 7, 293
What are the prime factors of 6729?
3, 2243
What are the prime factors of 27820?
2, 5, 13, 107
What are the prime factors of 1253?
7, 179
What are the prime factors of 3932?
2, 983
List the prime factors of 15863.
29, 547
List the prime factors of 56618.
2, 28309
List the prime factors of 1577.
19, 83
What are the prime factors of 11660?
2, 5, 11, 53
What are the prime factors of 4188?
2, 3, 349
What are the prime factors of 3673?
3673
List the prime factors of 1190.
2, 5, 7, 17
List the prime factors of 20030.
2, 5, 2003
List the prime factors of 1336.
2, 167
List the prime factors of 10160.
2, 5, 127
List the prime factors of 5143.
37, 139
What are the prime factors of 21607?
17, 31, 41
List the prime factors of 759.
3, 11, 23
List the prime factors of 10225.
5, 409
List the prime factors of 61976.
2, 61, 127
What are the prime factors of 186715?
5, 107, 349
What are the prime factors of 62552?
2, 7, 1117
List the prime factors of 12474.
2, 3, 7, 11
What are the prime factors of 19060?
2, 5, 953
What are the prime factors of 3120?
2, 3, 5, 13
What are the prime factors of 6917?
6917
What are the prime factors of 19626?
2, 3, 3271
What are the prime factors of 162?
2, 3
What are the prime factors of 2151?
3, 239
What are the prime factors of 5572?
2, 7, 199
List the prime factors of 27131.
13, 2087
List the prime factors of 1846.
2, 13, 71
List the prime factors of 1877.
1877
List the prime factors of 1202.
2, 601
What are the prime factors of 56156?
2, 101, 139
What are the prime factors of 4853?
23, 211
List the prime factors of 387.
3, 43
List the prime factors of 3253.
3253
List the prime factors of 7951.
7951
What are the prime factors of 2236?
2, 13, 43
List the prime factors of 8711.
31, 281
What are the prime factors of 66396?
2, 3, 11, 503
What are the prime factors of 186678?
2, 3, 3457
List the prime factors of 10992.
2, 3, 229
What are the prime factors of 1653?
3, 19, 29
List the prime factors of 53725.
5, 7, 307
List the prime factors of 76363.
7, 10909
List the prime factors of 30428.
2, 7607
What are the prime factors of 39776?
2, 11, 113
What are the prime factors of 7446?
2, 3, 17, 73
What are the prime factors of 7173?
3, 797
What are the prime factors of 1739?
37, 47
List the prime factors of 3915.
3, 5, 29
List the prime factors of 75383.
7, 11, 89
List the prime factors of 7518.
2, 3, 7, 179
List the prime factors of 112.
2, 7
List the prime factors of 13189.
11, 109
List the prime factors of 1053.
3, 13
List the prime factors of 17363.
97, 179
What are the prime factors of 15100?
2, 5, 151
List the prime factors of 71883.
3, 7, 163
List the prime factors of 2688.
2, 3, 7
List the prime factors of 49495.
5, 19, 521
What are the prime factors of 767?
13, 59
List the prime factors of 61845.
3, 5, 7, 19, 31
What are the prime factors of 3811?
37, 103
What are the prime factors of 62408?
2, 29, 269
What are the prime factors of 24931?
107, 233
List the prime factors of 170970.
2, 3, 5, 41, 139
What are the prime factors of 14741?
14741
List the prime factors of 186.
2, 3, 31
List the prime factors of 6712.
2, 839
What are the prime factors of 1403?
23, 61
What are the prime factors of 2348?
2, 587
List the prime factors of 88346.
2, 163, 271
What are the prime factors of 318?
2, 3, 53
List the prime factors of 3010.
2, 5, 7, 43
List the prime factors of 51833.
17, 3049
List the prime factors of 956.
2, 239
What are the prime factors of 36204?
2, 3, 7, 431
List the prime factors of 857.
857
List the prime factors of 36187.
36187
List the prime factors of 37402.
2, 18701
What are the prime factors of 227?
227
What are the prime factors of 86344?
2, 43, 251
What are the prime factors of 62209?
7, 8887
What are the prime factors of 16892?
2, 41, 103
List the prime factors of 15451.
15451
What are the prime factors of 1735?
5, 347
List the prime factors of 57725.
5, 2309
What are the prime factors of 165723?
3, 37, 1493
List the prime factors of 50819.
89, 571
List the prime factors of 7202.
2, 13, 277
List the prime factors of 59874.
2, 3, 17, 587
What are the prime factors of 8296?
2, 17, 61
List the prime factors of 538.
2, 269
What are the prime factors of 8563?
8563
List the prime factors of 644.
2, 7, 23
What are the prime factors of 59470?
2, 5, 19, 313
List the prime factors of 1535.
5, 307
List the prime factors of 38.
2, 19
List the prime factors of 34726.
2, 97, 179
What are the prime factors of 48644?
2, 12161
List the prime factors of 3921.
3, 1307
List the prime factors of 5102.
2, 2551
List the prime factors of 2960.
2, 5, 37
List the prime factors of 111.
3, 37
List the prime factors of 7951.
7951
List the prime factors of 854.
2, 7, 61
What are the prime factors of 821?
821
What are the prime factors of 1011?
3, 337
What are the prime factors of 72771?
3, 127, 191
What are the prime factors of 56938?
2, 7, 83
List the prime factors of 21812.
2, 7, 19, 41
What are the prime factors of 5171?
5171
List the prime factors of 2945.
5, 19, 31
What are the prime factors of 8133?
3, 2711
List the prime factors of 41118.
2, 3, 7, 11, 89
List the prime factors of 17702.
2, 53, 167
List the prime factors of 110930.
2, 5, 11093
What are the prime factors of 391?
17, 23
What are the prime factors of 729?
3
What are the prime factors of 988?
2, 13, 19
What are the prime factors of 2791?
2791
List the prime factors of 6267.
3, 2089
List the prime factors of 102825.
3, 5, 457
What are the prime factors of 329?
7, 47
List the prime factors of 89356.
2, 89, 251
What are the prime factors of 29970?
2, 3, 5, 37
List the prime factors of 2624.
2, 41
What are the prime factors of 1828?
2, 457
What are the prime factors of 3723?
3, 17, 73
What are the prime factors of 24018?
2, 3, 4003
What are the prime factors of 8824?
2, 1103
List the prime factors of 168.
2, 3, 7
What are the prime factors of 4043?
13, 311
What are the prime factors of 98548?
2, 71, 347
List the prime factors of 5231.
5231
List the prime factors of 6527.
61, 107
What are the prime factors of 133636?
2, 33409
List the prime factors of 33200.
2, 5, 83
What are the prime factors of 4745?
5, 13, 73
List the prime factors of 43873.
73, 601
List the prime factors of 9717.
3, 41, 79
What are the prime factors of 10053?
3, 1117
What are the prime factors of 4034?
2, 2017
List the prime factors of 22.
2, 11
List the prime factors of 23901.
3, 31, 257
What are the prime factors of 1399?
1399
List the prime factors of 2057.
11, 17
List the prime factors of 1562.
2, 11, 71
What are the prime factors of 134?
2, 67
List the prime factors of 462.
2, 3, 7, 11
List the prime factors of 1157.
13, 89
List the prime factors of 1115.
5, 223
List the prime factors of 6806.
2, 41, 83
What are the prime factors of 10956?
2, 3, 11, 83
List the prime factors of 1993.
1993
What are the prime factors of 10330?
2, 5, 1033
What are the prime factors of 164873?
79, 2087
List the prime factors of 12550.
2, 5, 251
List the prime factors of 12936.
2, 3, 7, 11
What are the prime factors of 45632?
2, 23, 31
List the prime factors of 57688.
2, 7211
List the prime factors of 19741.
19, 1039
What are the prime factors of 6489?
3, 7, 103
List the prime factors of 7627.
29, 263
What are the prime factors of 13624?
2, 13, 131
What are the prime factors of 3413?
3413
List the prime factors of 69956.
2, 17489
List the prime factors of 4205.
5, 29
What are the prime factors of 12414?
2, 3, 2069
What are the prime factors of 2806?
2, 23, 61
List the prime factors of 1304.
2, 163
What are the prime factors of 21316?
2, 73
What are the prime factors of 15587?
11, 13, 109
List the prime factors of 1522.
2, 761
What are the prime factors of 21515?
5, 13, 331
What are the prime factors of 6491?
6491
What are the prime factors of 2620?
2, 5, 131
List the prime factors of 5544.
2, 3, 7, 11
List the prime factors of 1609.
1609
What are the prime factors of 57207?
3, 19069
What are the prime factors of 3597?
3, 11, 109
What are the prime factors of 91?
7, 13
List the prime fac